 x**3 + 7*x**2 + 21*x - 45. Determine l(-7).
-192
Let x(f) = f**2 - 108*f - 8184. What is x(-51)?
-75
Let n(z) = 20*z + 525. Give n(-24).
45
Let q(k) = k**3 + 22*k**2 - 10*k - 231. What is q(-22)?
-11
Let m(f) = 3186*f + 44586. What is m(-14)?
-18
Let o(i) = 3*i**3 - 30*i**2 - 65*i - 81. Determine o(12).
3
Let h(s) = 44*s - 38. Calculate h(4).
138
Let f(x) = -34*x**2 - 6*x - 7. What is f(-2)?
-131
Let f(u) = -u**3 - 46*u**2 + 3821*u - 537. Determine f(-89).
-3
Let q(k) = 32*k + 2589. Give q(-81).
-3
Let h(b) = 16*b**3 + 6*b**2 + 553*b - 558. What is h(1)?
17
Let u(i) = -7*i**2 - 132*i + 9. Calculate u(-20).
-151
Let s(n) = -18*n - 970. Determine s(-54).
2
Let t(c) = 6*c**2 - 22*c - 860. Give t(14).
8
Let p(s) = s**3 + 18*s**2 + 21*s - 4. Determine p(-2).
18
Let s(i) = 2*i**2 + 131*i - 191. Give s(-67).
10
Let z(s) = -65*s + 692. Calculate z(9).
107
Let p(r) = 2*r**3 - 128*r**2 + 2*r - 124. Give p(64).
4
Let q(m) = -15*m + 279. Determine q(19).
-6
Let x(t) = t**3 - 7*t**2 + 70*t - 397. Give x(6).
-13
Let c(u) = -8*u + 299. Give c(32).
43
Let h(x) = 2*x**2 - 59*x - 55. Give h(28).
-139
Let b(w) = 600*w - 26991. Calculate b(45).
9
Let l(u) = -247*u**3 + 2*u**2 + 5*u - 7. What is l(1)?
-247
Let v(z) = 2*z**2 + 5967*z - 150429. Determine v(25).
-4
Let v(k) = 9*k + 122. Determine v(-13).
5
Let h(q) = 6*q**2 - 17*q - 31. Determine h(-2).
27
Let b(v) = -34*v - 364. Determine b(-11).
10
Let y(k) = 2*k**3 - 18*k**2 + 97*k - 633. Give y(8).
15
Let g(o) = -3*o**3 + 37*o**2 + 22*o + 28. Determine g(13).
-24
Let p(o) = -o**3 + 40*o**2 + 43*o - 73. Calculate p(41).
9
Let a(p) = p**2 + 24*p - 3818. Give a(51).
7
Let i(n) = 88*n - 626. Give i(7).
-10
Let b(l) = 2*l**2 + 25*l - 95. Calculate b(4).
37
Let u(f) = -30*f + 577. What is u(19)?
7
Let f(a) = 199*a**2 - 605*a - 4. Give f(3).
-28
Let z(l) = -l + 19. What is z(-20)?
39
Let b(g) = 2*g**2 - 77*g - 66. Give b(39).
-27
Let b(g) = g**2 + 41*g + 377. What is b(-13)?
13
Let t(s) = s**3 - 2*s**2 - 7*s + 26. Determine t(2).
12
Let t(n) = 2*n**2 + 25*n - 28. What is t(-13)?
-15
Let y(g) = -6624*g + 39767. What is y(6)?
23
Let n(q) = -q**3 - 15*q**2 - 39*q + 2. Give n(-9).
-133
Let d(w) = w**3 - 12*w**2 - 19*w - 38. Determine d(14).
88
Let s(x) = -2*x**2 - 31*x - 96. What is s(-18)?
-186
Let z(u) = -31*u - 85. What is z(-1)?
-54
Let i(x) = 2*x**3 - 39*x**2 + 19*x - 172. Give i(19).
-172
Let n(z) = -z**3 - 45*z**2 - 8*z - 147. Calculate n(-45).
213
Let v(u) = -95*u - 2332. What is v(-25)?
43
Let y(w) = 42*w + 188. Calculate y(-10).
-232
Let c(b) = 72*b**3 - b**2 - 10*b + 32. What is c(2)?
584
Let m(a) = 6*a**2 - 1016. Calculate m(-13).
-2
Let u(z) = z**2 - 285*z + 2141. Give u(8).
-75
Let a(j) = j**3 + 11*j**2 - 76*j - 69. Calculate a(5).
-49
Let a(r) = r**3 + 5*r**2 - 20*r - 7. Give a(-8).
-39
Let r(m) = -8*m + 471. Determine r(57).
15
Let z(b) = b**3 + 3*b**2 - 88*b - 462. Calculate z(-6).
-42
Let d(c) = -17*c**2 - 19*c - 86. Give d(-6).
-584
Let k(x) = 772*x + 9383. What is k(-12)?
119
Let p(k) = -k**2 - 3*k + 64. What is p(7)?
-6
Let i(u) = 5*u + 70. Give i(33).
235
Let u(y) = 49*y**3 + y**2 + 3*y + 11. What is u(-2)?
-383
Let l(s) = 765*s - 17586. Calculate l(23).
9
Let t(h) = -8*h**3 + 105*h**2 - 37*h + 297. Determine t(13).
-15
Let t(i) = 30*i - 551. Calculate t(25).
199
Let j(m) = m**2 - 105. Give j(11).
16
Let s(w) = -2*w**2 + 404*w - 2364. Determine s(6).
-12
Let a(n) = -5*n**2 - 53*n + 8. Give a(-11).
-14
Let s(h) = -170*h - 2728. What is s(-16)?
-8
Let l(y) = 2*y**3 - 10*y**2 + 108*y - 486. Determine l(5).
54
Let j(g) = -g**3 - 8*g**2 - 19*g - 4. Determine j(-4).
8
Let g(x) = -51*x - 2954. What is g(-58)?
4
Let g(x) = 1548*x + 229109. What is g(-148)?
5
Let u(i) = -2*i**3 + 108*i**2 - 106*i + 1. Calculate u(53).
1
Let x(p) = -p**3 - 9*p**2 - 175*p - 779. Give x(-5).
-4
Let v(c) = 496*c**2 - 5950*c + 16. What is v(12)?
40
Let t(f) = 12*f**2 - 64*f + 120. Determine t(2).
40
Let x(f) = -11*f + 86. Calculate x(8).
-2
Let a(k) = 57*k + 4. What is a(0)?
4
Let n(o) = -3*o**2 - 1163*o + 7085. Determine n(6).
-1
Let v(f) = f**2 + 699*f - 3520. Give v(5).
0
Let r(v) = -v**3 - 33*v**2 + 137*v - 362. Calculate r(-37).
45
Let p(f) = 3*f**2 + 34*f + 33. What is p(-6)?
-63
Let p(r) = -1812*r + 50752. Calculate p(28).
16
Let n(x) = x**3 + 15*x**2 - 26*x + 1440. Determine n(-20).
-40
Let r(w) = -31*w + 117. Determine r(4).
-7
Let f(v) = 13*v**2 - 7*v - 52. Give f(-2).
14
Let w(p) = 3*p**3 + 33*p**2 + 59*p + 16. Calculate w(-9).
-29
Let v(t) = 156*t - 12624. Determine v(80).
-144
Let i(b) = -2*b**3 - 28*b**2 - 58*b + 86. What is i(-11)?
-2
Let s(o) = -o**3 - 87*o**2 - 1506*o + 380. Calculate s(-63).
2
Let p(i) = -27*i**2 - 24*i + 69. Calculate p(3).
-246
Let y(w) = 781*w - 25041. Calculate y(32).
-49
Let c(j) = -j**2 + 8*j + 22. Give c(11).
-11
Let g(l) = -2*l**2 + 102*l + 5303. What is g(-32)?
-9
Let r(u) = -u**2 + 38*u - 11. What is r(0)?
-11
Let n(k) = -266*k**2 + 4526*k - 57. Determine n(17).
11
Let s(v) = 12507*v - 37515. Determine s(3).
6
Let n(u) = 72*u + 722. What is n(-10)?
2
Let j(m) = 64*m - 774. Give j(11).
-70
Let x(z) = z**3 - 21*z**2 - 52*z + 27. Give x(23).
-111
Let v(x) = 2*x**2 + 93*x + 218. Give v(-40).
-302
Let t(q) = -q**3 + 119*q**2 + 133*q - 1426. Give t(120).
134
Let o(d) = 794*d + 7944. What is o(-10)?
4
Let a(l) = l**3 - 12*l**2 - 162*l - 41. What is a(20)?
-81
Let b(s) = -3*s**2 + 75*s - 394. Calculate b(17).
14
Let o(s) = -s**2 - 87*s + 9655. Give o(64).
-9
Let i(m) = -304*m**2 + 10943*m + 37. Calculate i(36).
1
Let v(j) = -622*j**2 + 637*j - 2. Calculate v(1).
13
Let c(f) = f**3 - 25*f**2 - 546*f + 13689. Calculate c(24).
9
Let x(z) = z**2 + 43*z + 294. What is x(-10)?
-36
Let t(l) = 538*l + 16138. Give t(-30).
-2
Let p(b) = -3*b**2 + 942*b - 4. What is p(0)?
-4
Let a(n) = 5*n + 129. Calculate a(3).
144
Let u(v) = -2*v**2 - 213*v + 552. Give u(-109).
7
Let s(y) = 18*y - 224. Give s(0).
-224
Let w(i) = 5*i**2 + 1184*i + 3287. What is w(-234)?
11
Let m(v) = 24*v**2 - 2184*v + 18. Calculate m(91).
18
Let r(t) = 2*t**2 + 75*t + 594. Determine r(-11).
11
Let f(u) = 5*u**3 - 219*u**2 - 44*u - 78. What is f(44)?
-78
Let z(n) = -14*n - 30. Determine z(-15).
180
Let x(o) = 2*o**2 - 162*o - 857. Calculate x(86).
3
Let c(h) = 305*h + 1539. Calculate c(-5).
14
Let z(h) = -167*h - 632. Calculate z(-4).
36
Let m(j) = -2*j**2 + 83*j - 18. Calculate m(41).
23
Let n(m) = 2*m**3 + 86*m**2 + 308*m - 154. Determine n(-39).
2
Let b(y) = 1478*y - 47298. Give b(32).
-2
Let l(n) = -13*n - 684. Give l(-53).
5
Let b(m) = -m**2 + 6*m + 395. Give b(0).
395
Let q(j) = -40*j - 655. What is q(-18)?
65
Let m(r) = 30*r**2 + 21*r + 22. Give m(-3).
229
Let a(k) = -k**3 + 19*k**2 - 71*k + 28. What is a(14)?
14
Let a(m) = -933*m + 7465. Calculate a(8).
1
Let k(r) = r**3 + 74*r**2 + 144*r + 5197. Determine k(-73).
14
Let a(w) = -279*w - 1116. Determine a(-4).
0
Let x(y) = y**2 - 4*y - 388. Determine x(-16).
-68
Let v(i) = 174*i + 358. Give v(-2).
10
Let p(t) = 40*t + 169. Determine p(-6).
-71
Let w(y) = y**3 - 21*y**2 - 22*y - 54. Calculate w(22).
-54
Let o(k) = 946*k + 2808. What is o(-3)?
-30
Let g(m) = -2*m**2 - 31*m - 29. Determine g(-8).
91
Let l(t) = 59*t - 469. Give l(8).
3
Let v(d) = 527*d + 5792. What is v(-11)?
-5
Let f(p) = -p**3 - 3*p**2 + 5*p - 28. What is f(-4)?
-32
Let g(b) = -b**3 - 9*b**2 - 97*b - 921. Calculate g(-9).
-48
Let y(w) = -58*w - 1059. Determine y(-20).
101
Let l(b) = b**3 - 13*b**2 + 322*b - 874. Determine l(3).
2
Let u(c) = c**3 + 7*c**2 - 8486*c - 76207. Calculate u(-9).
5
Let h(w) = 282*w + 51893. Calculate h(-184).
5
Let f(c) = c**3 - 11*c**2 - 25*c + 138. Calculate f(12).
-18
Let l(f) = -f**3 + 10*f**2 + 33*f - 56. What is l(12)?
52
Let l(p) = 103*p**2 - 3*p + 4. Give l(1).
104
Let j(u) = 113*u**2 + u - 1. Give j(-1).
111
Let x(b) = 253*b - 2530. Calculate x(10).
0
Let a(s) = -s**3 - 83*s**2 - 65*s + 1407. Give a(-82).
13
Let r(w) = w**3 + 63*w**2 + 7. Calculate r(-63).
7
Let q(t) = -3*t**2 + 4*t + 11. Calculate q(6).
-73
Let b(o) = 4*o**2 + 141*o + 202. Give b(-34).
32
Let q(r) = r**3 - 75*r**2 - 157*r + 218. Give q(77).
-13
Let a(q) = 78*q + 2656. Give a(-40).
-464
Let p(f) = -32*f**3 + 5*f**2 - 8*f + 3. Give p(1).
-32
Let i(l) = 99*l**2 - 1378*l - 122. Determine i(14).
-10
Let j(p) = -p**